7. Let w = -21 - -34. Let k(p) = -2 + 30*p - 11*p - w*p. Give k(r).
10
Suppose 23*m - 21*m = 8. Let z(c) = -2*c**2 + 6*c - 1. Give z(m).
-9
Let k(j) = -j**3 - 4*j**2 + 8*j + 3. Let v(b) = b - 3. Let o be v(-6). Let s = o - -4. What is k(s)?
-12
Let d(c) be the third derivative of c**7/5040 + c**6/720 + 3*c**5/20 - 6*c**2. Let f(u) be the third derivative of d(u). Let v be 2/(-8) + 5/4. What is f(v)?
2
Let i = -2 - -9. Let u(w) = w**3 - 7*w**2 + 4. Give u(i).
4
Let j be -2*(-3)/3*2. Let p(s) = -12 - 3*s - j*s + 5*s + s. Determine p(0).
-12
Let d(q) = q**2 - 6*q - 10. Suppose -j = 3 - 4. Let u be -2 + (-10)/j*-1. What is d(u)?
6
Suppose 2*x - 4*d + 4 = 0, -2*x + 3*d = -0*d. Let f(l) = -5*l - 2 + x*l**2 - 7*l**2 + 4*l. Calculate f(-2).
-4
Let f(g) = -2*g**2 - 6*g + 7. Let s(u) = -u**2 - 5*u + 6. Let n(t) = -6*f(t) + 7*s(t). Determine n(-1).
4
Suppose -f - i = 0, 3*f = -0*f - i + 4. Let v(g) = 3*g - 6*g**2 - 2*g + 2*g**f + 3*g**2. What is v(4)?
-12
Let k(b) = -b**2 + 3*b + 7. Suppose 4*r = 13 + 7. Determine k(r).
-3
Let s be (-125)/(-20) - (-2)/(-8). Let v(g) = -3*g**2 - s + 6. Suppose 2*q = 5*n + 6*q - 9, 4*n - 2*q - 2 = 0. Calculate v(n).
-3
Suppose 2*d - 10 = 6. Let w(s) = -s**3 + 9*s**2 - 9*s + 1. Give w(d).
-7
Let g = -8 - -4. Let n(x) = -x. Let p be n(g). Let f be (-32)/14 + p/14. Let y(m) = -3*m**2 - m + 2. Calculate y(f).
-8
Suppose m + 7 = -p - 2, -16 = 4*p - m. Let n(h) = h + 9. Give n(p).
4
Let t be 4/6*(119/14 - 1). Let r(w) = -w**3 + 5*w**2 + 2*w - 1. Give r(t).
9
Suppose -3*v - l - 9 = -v, 5 = 5*l. Let d(h) = -3*h**2 + 5*h - 6. Let m(o) = -5*o**2 + 10*o - 12. Let w(a) = 7*d(a) - 4*m(a). Give w(v).
6
Let i(y) = -y**3 - 26*y**2 + 0*y**3 + 8*y + 22*y**2 + 7. Determine i(-5).
-8
Let w(a) = 5*a - 1. Let i(u) = -1 - 5 - 3*u + 0 + u**2. Let v be i(5). Suppose 18 = 2*j + v*r, -j - 2*r = -5*j - 14. What is w(j)?
-6
Let k(h) be the third derivative of h**6/120 + h**5/12 - 7*h**4/24 - 7*h**3/6 - 8*h**2. Calculate k(-6).
-1
Let f(d) be the second derivative of -3*d**5/10 - d**3/3 + d**2/2 - 10*d. Calculate f(1).
-7
Let p(l) = l + 1. Let m be p(9). Suppose -2*y = -0*y - m. Let c(n) = n**2 - 6*n - 1. Give c(y).
-6
Suppose -1 + 6 = j. Let g = -2 + j. Suppose -3*i = -3*l - 6, 0*l = 3*l - g. Let f(y) = -y**2 + 2*y. What is f(i)?
-3
Suppose 0*h - 5*h + 18 = 3*r, -h - 6 = 3*r. Let a(o) = -o**3 + 4*o**2 + h*o + 8 - o - 7. Let x = -6 + 11. Determine a(x).
1
Let v(q) = 30*q**2 + 24*q. Let c(j) = 6*j**2 + 5*j. Let p(n) = 24*c(n) - 5*v(n). What is p(1)?
-6
Let s = 4 - 2. Let f(a) = a**2 - 1. Let r be f(s). Let g(n) = -n. Give g(r).
-3
Let f(h) = -h**3 + 7*h**2 - 6*h - 3. Suppose 2*z = n - 8, -5*n + n = -4*z - 28. What is f(n)?
-3
Let a(f) be the third derivative of -f**4/8 + 11*f**3/6 - 31*f**2. Give a(9).
-16
Let n(i) = -i**3 + i. Let x(f) = f + 10. Let w be x(-10). Suppose r + w = -1. What is n(r)?
0
Let f be 3 + -1 - 3/1. Let t(k) = -4*k**3 + 2*k**2 + 2*k + 1. Calculate t(f).
5
Let o be -1*2*3/6. Let x(b) = 21*b**3 + 2*b**2 + 2*b + 1. Determine x(o).
-20
Let n(l) = l**2 - 11*l + 15. Let y be n(10). Let j = y + -6. Let v(b) = -4*b. What is v(j)?
4
Let l(g) = 2*g - 8. Suppose -6*r = -3*r - 21. Determine l(r).
6
Let x(p) = p**3 - 5*p**2 - 7*p + 8. Let y(l) = -2*l + 1. Let z be y(-2). Suppose 0 = z*v - 5 - 25. What is x(v)?
2
Let c(k) = -k - 5. Suppose 2*z - 3*i + 29 = -0*z, z - 18 = -5*i. What is c(z)?
2
Let y be ((-6)/(-4))/(30/40). Let f(z) = -z**3 - z - 1. What is f(y)?
-11
Let v(t) be the first derivative of -t**2/2 - 6*t + 3. Suppose -2*g + g = o + 4, -o = 4*g + 13. Calculate v(g).
-3
Let t(q) be the first derivative of -q**3/3 + 7*q**2/2 - 5*q - 3. Let c = -6 - -11. Let x be t(c). Let v(f) = -f**3 + 6*f**2 - 5*f + 1. Determine v(x).
1
Let t(q) = q**3 + 5*q**2 + 6*q + 3. Let k be t(-4). Let p(m) be the second derivative of m**4/12 + 5*m**3/6 + 3*m**2/2 - 14*m. What is p(k)?
3
Let w(x) = -x - 1. Let h(r) = -1. Let q(u) = -6*h(u) + 3*w(u). Calculate q(4).
-9
Suppose -3*z - 3 = j + 1, -2*z = 0. Let f = 1 + j. Let p(t) = -t - 2. Let i(x) = x + 3. Let g(c) = -5*i(c) - 7*p(c). Determine g(f).
-7
Let a(v) be the second derivative of v**7/840 + v**6/90 - v**5/60 - v**4/8 - 2*v**3/3 + 7*v. Let n(u) be the second derivative of a(u). Give n(-3).
12
Let l(x) = 2*x - 4. Let p = -4 - -9. Suppose -p*i + 13 = -2. Give l(i).
2
Let h(n) be the third derivative of -1/120*n**6 - 1/6*n**3 + 1/6*n**4 + 0 - 8*n**2 + 0*n + 1/15*n**5. Give h(5).
-6
Let d(s) = -s**2 - 4. Let w be 22/8 - (-4)/16. Suppose 0 = -w*q - 6, 3 = -4*t - 3*q - 3. Determine d(t).
-4
Let i(n) be the first derivative of -n - 13/3*n**3 + 1 + 0*n**2. Give i(1).
-14
Let j(c) = 6*c + 7 - 5*c**2 + 4*c**2 + 2*c**2. Let g be j(-5). Let a be ((-1)/g)/(1/2). Let r(s) = 4*s**3 + s + 1. Determine r(a).
-4
Let d be 7 + 1/(2 + -1). Let h(x) = x**2 + 2*x + 2. Let l(p) = 3*p**2 + 7*p + 5. Let u(j) = d*h(j) - 3*l(j). Determine u(-6).
-5
Let d be (-51)/(-5) - (-6)/(-30). Suppose 5*j + d = -15. Let f(x) = -x - 4. Let g(r) = -3*r - 8. Let m(h) = j*f(h) + 2*g(h). What is m(-3)?
7
Let t = -18 - -13. Let z = t - -9. Let g(o) = 2*o + 7. Let k(b) = 4*b + 15. Let p(r) = -13*g(r) + 6*k(r). What is p(z)?
-9
Let q(z) = 0 + z + 2 + 1 - 1. What is q(-4)?
-2
Let x(s) = -3*s**2 - 3 - 3*s - 63*s**3 + 64*s**3 + 1. Determine x(4).
2
Suppose -14 = -3*f - 2. Let l(i) be the first derivative of 2*i - 1/4*i**4 + 1/2*i**2 + 3 + 4/3*i**3. What is l(f)?
6
Let n(x) = x**3 - 8*x**2 + 7*x + 4. Suppose -9 = 2*i - 23. Calculate n(i).
4
Let u be (3/((-12)/32))/2. Let j(a) = a + 9. What is j(u)?
5
Suppose -4*k = -3*k. Let j(o) = -3*o - 3*o + 2*o + k*o. Give j(3).
-12
Let i(h) be the third derivative of -h**6/120 - 7*h**5/60 - 7*h**4/24 - 2*h**3/3 - 18*h**2. Determine i(-6).
2
Let t(f) be the second derivative of -4*f - 1/20*f**5 - f**2 + 1/2*f**3 + 0 - 1/6*f**4. Let v = -4 - -1. Determine t(v).
-2
Let h(l) = 2*l**2 - 3*l. Let o be h(2). Let n be (0 - 1)/(o - 1). Let w be n - -5*(0 + 1). Let q(i) = -3*i + 5. Give q(w).
-7
Suppose -2*i + 0*i + 4 = 0. Suppose s = -g + 3, s = i*g - 2*s + 9. Let k(u) = 0*u - u + g*u. Calculate k(-4).
4
Let i be 3 + -1*(-2)/(-2). Let o(z) = -2*z - 2*z + z**3 - 6*z**2 - i + 2*z**2. Let f(k) = -k**3 - 12*k**2 + 5. Let w be f(-12). Give o(w).
3
Let k(y) = -2*y - 5. Let u be k(-5). Suppose 4*h - u = -h. Let d(a) = 1 - 5*a**2 - 1 - a. What is d(h)?
-6
Let p(q) = q**3 + 6*q**2 + 3*q - 5. Suppose 0 = -4*x + 2*b + 14, -4*x - 6 = b - 29. Suppose 2*i = i - x. Give p(i).
5
Let j be 17/5 + 3/5. Let k(u) = -u**3 + 4*u**2 - u. Calculate k(j).
-4
Suppose -9 = -2*b - 3. Let d(r) = -r + 4. Calculate d(b).
1
Suppose 11 = 4*a + 31. Let w(t) be the first derivative of t**6/360 + t**5/20 - t**4/8 - t**3 - 1. Let f(b) be the third derivative of w(b). Calculate f(a).
-8
Let j(n) = -2 + 0*n - n + 0. Let t = 38 + -36. What is j(t)?
-4
Let z be 1 + ((-9)/(-3) - -13). Let l = z - 15. Let w(r) = -2*r**3 + 2*r**2 - 2. Determine w(l).
-10
Let y(n) be the second derivative of -n**7/2520 + n**5/30 + 7*n**4/12 + 5*n. Let u(i) be the third derivative of y(i). What is u(-3)?
-5
Let q(l) be the first derivative of -l**2/2 - 7. Calculate q(0).
0
Let s(n) = -n**3 - 2*n**2 + 5*n - 3. Suppose 7*h - 2*h + 20 = 0. Calculate s(h).
9
Suppose 0*r - 18 = 3*r. Let p(b) = 4*b - 1. Let d(u) = 3*u - 2. Let h(y) = 5*d(y) - 4*p(y). Give h(r).
0
Let s(b) = b**2 + 8*b + 7. Let p = 50 - 56. Calculate s(p).
-5
Suppose -w - 5 + 1 = 0. Let o(d) = d + 1. Give o(w).
-3
Let p(w) be the third derivative of w**6/120 + w**4/12 + w**3/2 + 3*w**2. What is p(-2)?
-9
Let d be -2 + (4 - (1 + -7)). Let k(h) = 3*h - 1. Let t(u) = 5*u - 1. Let c(n) = d*k(n) - 5*t(n). Determine c(-2).
-1
Let b(j) be the second derivative of j**5/20 + j**4/6 - 2*j**3/3 - 3*j**2/2 + 3*j. Give b(-3).
0
Let o(d) = -2*d**2 + 14*d + 8. Let m(l) = l**2 - 7*l - 4. Let y(p) = 9*m(p) + 4*o(p). Give y(8).
4
Let f be (1/2)/(2/(-24)). Let v be (-44)/(-10) + f/15. Let q(o) = -v*o**3 + o**3 + 4*o**3 + 2*o + 4*o**2 - o. Give q(-3).
6
Let n(k) be the third derivative of -k**5/60 + k**4/8 + k**3/3 - 101*k**2. Let p be 10/(-4)*2*-1. Determine n(p).
-8
Let l(h) = -6*h**3 - 2*h**2 + 4*h - 1. Let i(r) = -r**3 + r. Let s(y) = -5*i(y) + l(y). Let c(u) = u - 2. Let p be c(3). Suppose -p = -2*z - 5. What is s(z)?
1
Suppose 2*p = -4 + 6.